inder when 22 is divided by 8?
6
What is the remainder when 53 is divided by 20?
13
What is the remainder when 566 is divided by 222?
122
What is the remainder when 1212 is divided by 247?
224
What is the remainder when 345 is divided by 105?
30
What is the remainder when 72 is divided by 43?
29
What is the remainder when 44 is divided by 39?
5
Calculate the remainder when 272 is divided by 261.
11
Calculate the remainder when 1761 is divided by 134.
19
Calculate the remainder when 694 is divided by 341.
12
Calculate the remainder when 49 is divided by 16.
1
Calculate the remainder when 50 is divided by 26.
24
What is the remainder when 8864 is divided by 2954?
2
What is the remainder when 1736 is divided by 45?
26
What is the remainder when 185 is divided by 93?
92
Calculate the remainder when 94 is divided by 36.
22
What is the remainder when 211 is divided by 53?
52
Calculate the remainder when 374 is divided by 87.
26
What is the remainder when 56 is divided by 20?
16
What is the remainder when 1254 is divided by 55?
44
What is the remainder when 181 is divided by 37?
33
What is the remainder when 7 is divided by 7?
0
What is the remainder when 12 is divided by 6?
0
What is the remainder when 118 is divided by 17?
16
What is the remainder when 6708 is divided by 320?
308
What is the remainder when 458 is divided by 14?
10
Calculate the remainder when 1899 is divided by 25.
24
Calculate the remainder when 231 is divided by 16.
7
What is the remainder when 12177 is divided by 203?
200
What is the remainder when 23325 is divided by 3?
0
Calculate the remainder when 9 is divided by 6.
3
What is the remainder when 76 is divided by 12?
4
Calculate the remainder when 728 is divided by 106.
92
Calculate the remainder when 128 is divided by 26.
24
Calculate the remainder when 580 is divided by 277.
26
What is the remainder when 1648 is divided by 3?
1
What is the remainder when 97 is divided by 17?
12
What is the remainder when 4 is divided by 3?
1
Calculate the remainder when 524 is divided by 15.
14
What is the remainder when 3040 is divided by 1011?
7
Calculate the remainder when 777 is divided by 24.
9
What is the remainder when 743 is divided by 124?
123
What is the remainder when 735 is divided by 56?
7
Calculate the remainder when 287 is divided by 93.
8
What is the remainder when 885 is divided by 356?
173
Calculate the remainder when 1091 is divided by 61.
54
What is the remainder when 2413 is divided by 163?
131
Calculate the remainder when 338 is divided by 182.
156
Calculate the remainder when 165 is divided by 36.
21
Calculate the remainder when 699 is divided by 4.
3
Calculate the remainder when 786 is divided by 60.
6
Calculate the remainder when 1412 is divided by 59.
55
Calculate the remainder when 7107 is divided by 30.
27
What is the remainder when 21311 is divided by 288?
287
Calculate the remainder when 2952 is divided by 56.
40
What is the remainder when 174 is divided by 61?
52
Calculate the remainder when 1387 is divided by 462.
1
What is the remainder when 720 is divided by 719?
1
Calculate the remainder when 369 is divided by 88.
17
Calculate the remainder when 150 is divided by 62.
26
What is the remainder when 948 is divided by 29?
20
What is the remainder when 472 is divided by 60?
52
What is the remainder when 51 is divided by 21?
9
Calculate the remainder when 232 is divided by 20.
12
What is the remainder when 175 is divided by 11?
10
Calculate the remainder when 43 is divided by 12.
7
Calculate the remainder when 33668 is divided by 26.
24
What is the remainder when 1907 is divided by 36?
35
What is the remainder when 159 is divided by 11?
5
What is the remainder when 183 is divided by 55?
18
Calculate the remainder when 2022 is divided by 27.
24
What is the remainder when 2277 is divided by 15?
12
Calculate the remainder when 451 is divided by 226.
225
What is the remainder when 790 is divided by 50?
40
Calculate the remainder when 145 is divided by 8.
1
Calculate the remainder when 626 is divided by 244.
138
What is the remainder when 296 is divided by 75?
71
What is the remainder when 1677 is divided by 73?
71
What is the remainder when 10039 is divided by 53?
22
What is the remainder when 2840 is divided by 58?
56
Calculate the remainder when 228 is divided by 18.
12
What is the remainder when 177 is divided by 74?
29
Calculate the remainder when 1701 is divided by 13.
11
Calculate the remainder when 1140 is divided by 377.
9
Calculate the remainder when 282 is divided by 118.
46
Calculate the remainder when 572 is divided by 151.
119
Calculate the remainder when 152 is divided by 92.
60
Calculate the remainder when 730 is divided by 86.
42
Calculate the remainder when 2513 is divided by 68.
65
What is the remainder when 312 is divided by 102?
6
What is the remainder when 867 is divided by 39?
9
Calculate the remainder when 176 is divided by 10.
6
What is the remainder when 23 is divided by 1?
0
Calculate the remainder when 457 is divided by 161.
135
What is the remainder when 751 is divided by 171?
67
Calculate the remainder when 3888 is divided by 22.
16
What is the remainder when 13328 is divided by 215?
213
What is the remainder when 189 is divided by 39?
33
What is the remainder when 172 is divided by 25?
22
Calculate the remainder when 105 is divided by 56.
49
Calculate the remainder when 39 is divided by 24.
15
What is the remainder when 159 is divided by 18?
15
What is the remainder when 667 is divided by 5?
2
Calculate the remainder when 1060 is divided by 9.
7
What is the remainder when 10 is divided by 6?
4
Calculate the remainder when 488 is divided by 97.
3
Calculate the remainder when 1889 is divided by 186.
29
Calculate the remainder when 152 is divided by 56.
40
Calculate the remainder when 5613 is divided by 54.
51
Calculate the remainder when 195 is divided by 49.
48
What is the remainder when 343 is divided by 61?
38
Calculate the remainder when 726 is divided by 91.
89
Calculate the remainder when 2646 is divided by 377.
7
What is the remainder when 113 is divided by 33?
14
Calculate the remainder when 1115 is divided by 65.
10
Calculate the remainder when 632 is divided by 235.
162
What is the remainder when 2839 is divided by 136?
119
What is the remainder when 1910 is divided by 1900?
10
What is the remainder when 441 is divided by 136?
33
Calculate the remainder when 2385 is divided by 92.
85
What is the remainder when 1071 is divided by 535?
1
What is the remainder when 110 is divided by 57?
53
Calculate the remainder when 887 is divided by 266.
89
Calculate the remainder when 74 is divided by 46.
28
What is the remainder when 711 is divided by 57?
27
Calculate the remainder when 1036 is divided by 20.
16
What is the remainder when 1877 is divided by 40?
37
Calculate the remainder when 33 is divided by 9.
6
Calculate the remainder when 234 is divided by 40.
34
Calculate the remainder when 365 is divided by 12.
5
Calculate the remainder when 52 is divided by 25.
2
What is the remainder when 774 is divided by 41?
36
What is the remainder when 217 is divided by 139?
78
Calculate the remainder when 188 is divided by 112.
76
Calculate the remainder when 435 is divided by 143.
6
What is the remainder when 64 is divided by 13?
12
What is the remainder when 109 is divided by 26?
5
What is the remainder when 1157 is divided by 103?
24
Calculate the remainder when 2139 is divided by 2139.
0
What is the remainder when 1220 is divided by 47?
45
Calculate the remainder when 192 is divided by 14.
10
What is the remainder when 239 is divided by 27?
23
What is the remainder when 56 is divided by 34?
22
What is the remainder when 781 is divided by 46?
45
Calculate the remainder when 4579 is divided by 79.
76
Calculate the remainder when 1534 is divided by 48.
46
What is the remainder when 247 is divided by 110?
27
What is the remainder when 46 is divided by 7?
4
Calculate the remainder when 114 is divided by 1.
0
Calculate the remainder when 685 is divided by 4.
1
What is the remainder when 127 is divided by 12?
7
Calculate the remainder when 7347 is divided by 150.
147
Calculate the remainder when 268 is divided by 30.
28
Calculate the remainder when 444 is divided by 25.
19
Calculate the remainder